




{"id":7771,"date":"2026-01-19T13:53:35","date_gmt":"2026-01-19T12:53:35","guid":{"rendered":"https:\/\/montagnac.com\/?post_type=product&#038;p=7771"},"modified":"2026-04-27T09:51:41","modified_gmt":"2026-04-27T08:51:41","slug":"chateau-haut-bailly-2022","status":"publish","type":"product","link":"https:\/\/montagnac.com\/en\/product\/chateau-haut-bailly-2022\/","title":{"rendered":"Ch\u00e2teau Haut-Bailly 2022"},"content":{"rendered":"<table>\n<tbody>\n<tr>\n<td>Fruit\u00e9<\/td>\n<td><div class=\"progress_icons  transparent\" data-active=\"4\" data-color=\"\"><span class=\"progress_icon\" style=\"\"><i class=\"fas fa-circle\"><\/i><\/span><span class=\"progress_icon\" style=\"\"><i class=\"fas fa-circle\"><\/i><\/span><span class=\"progress_icon\" style=\"\"><i class=\"fas fa-circle\"><\/i><\/span><span class=\"progress_icon\" style=\"\"><i class=\"fas fa-circle\"><\/i><\/span><span class=\"progress_icon\" style=\"\"><i class=\"fas fa-circle\"><\/i><\/span><\/div>\n<\/td>\n<td>\u00c9pic\u00e9\/Bois\u00e9<\/td>\n<td><div class=\"progress_icons  transparent\" data-active=\"4\" data-color=\"\"><span class=\"progress_icon\" style=\"\"><i class=\"fas fa-circle\"><\/i><\/span><span class=\"progress_icon\" style=\"\"><i class=\"fas fa-circle\"><\/i><\/span><span class=\"progress_icon\" style=\"\"><i class=\"fas fa-circle\"><\/i><\/span><span class=\"progress_icon\" style=\"\"><i class=\"fas fa-circle\"><\/i><\/span><span class=\"progress_icon\" style=\"\"><i class=\"fas fa-circle\"><\/i><\/span><\/div>\n<\/td>\n<\/tr>\n<tr>\n<td>Floral<\/td>\n<td><div class=\"progress_icons  transparent\" data-active=\"4\" data-color=\"\"><span class=\"progress_icon\" style=\"\"><i class=\"fas fa-circle\"><\/i><\/span><span class=\"progress_icon\" style=\"\"><i class=\"fas fa-circle\"><\/i><\/span><span class=\"progress_icon\" style=\"\"><i class=\"fas fa-circle\"><\/i><\/span><span class=\"progress_icon\" style=\"\"><i class=\"fas fa-circle\"><\/i><\/span><span class=\"progress_icon\" style=\"\"><i class=\"fas fa-circle\"><\/i><\/span><\/div>\n<\/td>\n<td>Min\u00e9ral<\/td>\n<td><div class=\"progress_icons  transparent\" data-active=\"4\" data-color=\"\"><span class=\"progress_icon\" style=\"\"><i class=\"fas fa-circle\"><\/i><\/span><span class=\"progress_icon\" style=\"\"><i class=\"fas fa-circle\"><\/i><\/span><span class=\"progress_icon\" style=\"\"><i class=\"fas fa-circle\"><\/i><\/span><span class=\"progress_icon\" style=\"\"><i class=\"fas fa-circle\"><\/i><\/span><span class=\"progress_icon\" style=\"\"><i class=\"fas fa-circle\"><\/i><\/span><\/div>\n<\/td>\n<\/tr>\n<\/tbody>\n<\/table>","protected":false},"excerpt":{"rendered":"<p>Le Ch\u00e2teau Haut-Bailly 2022 est qualifi\u00e9 de \u00ab\u00a0monument de finesse\u00a0\u00bb par les critiques. Dans ce mill\u00e9sime solaire et extr\u00eame, le cru de Pessac-L\u00e9ognan atteint des sommets d&rsquo;\u00e9l\u00e9gance et de pr\u00e9cision. Le nez est d&rsquo;une puret\u00e9 \u00e9clatante, m\u00ealant les fruits noirs, le graphite et des notes florales complexes. En bouche, la mati\u00e8re est dense mais a\u00e9rienne, structur\u00e9e par des tanins d&rsquo;une noblesse rare, \u00ab\u00a0dessin\u00e9s \u00e0 la plume\u00a0\u00bb. C&rsquo;est un vin \u00ab\u00a0proph\u00e9tique\u00a0\u00bb, alliant la puissance de l&rsquo;ann\u00e9e \u00e0 la gr\u00e2ce intemporelle du domaine.<\/p>","protected":false},"featured_media":6124,"comment_status":"open","ping_status":"closed","template":"","meta":{"_acf_changed":false},"product_brand":[421],"product_cat":[670,676],"product_tag":[935,927,930,931,926],"class_list":{"0":"post-7771","1":"product","2":"type-product","3":"status-publish","4":"has-post-thumbnail","6":"product_brand-chateau-haut-bailly","7":"product_cat-bordeaux","8":"product_cat-pessac-graves-rouges","9":"product_tag-90-parker","10":"product_tag-a-offrir","11":"product_tag-boise-elegant","12":"product_tag-soyeux-raffine","13":"product_tag-vins-de-garde","14":"pa_appellation-pessac-leognan-aoc","15":"pa_conditionnement-1x75cl","16":"pa_conditionnement-caisse-bois-de-6-bouteilles-75","17":"pa_couleur-rouge","18":"pa_format-75cl","19":"pa_millesime-770","20":"pa_region-bordeaux","22":"first","23":"instock","24":"taxable","25":"shipping-taxable","26":"purchasable","27":"product-type-variable","28":"has-default-attributes"},"acf":[],"_links":{"self":[{"href":"https:\/\/montagnac.com\/en\/wp-json\/wp\/v2\/product\/7771","targetHints":{"allow":["GET"]}}],"collection":[{"href":"https:\/\/montagnac.com\/en\/wp-json\/wp\/v2\/product"}],"about":[{"href":"https:\/\/montagnac.com\/en\/wp-json\/wp\/v2\/types\/product"}],"replies":[{"embeddable":true,"href":"https:\/\/montagnac.com\/en\/wp-json\/wp\/v2\/comments?post=7771"}],"wp:featuredmedia":[{"embeddable":true,"href":"https:\/\/montagnac.com\/en\/wp-json\/wp\/v2\/media\/6124"}],"wp:attachment":[{"href":"https:\/\/montagnac.com\/en\/wp-json\/wp\/v2\/media?parent=7771"}],"wp:term":[{"taxonomy":"product_brand","embeddable":true,"href":"https:\/\/montagnac.com\/en\/wp-json\/wp\/v2\/product_brand?post=7771"},{"taxonomy":"product_cat","embeddable":true,"href":"https:\/\/montagnac.com\/en\/wp-json\/wp\/v2\/product_cat?post=7771"},{"taxonomy":"product_tag","embeddable":true,"href":"https:\/\/montagnac.com\/en\/wp-json\/wp\/v2\/product_tag?post=7771"}],"curies":[{"name":"wp","href":"https:\/\/api.w.org\/{rel}","templated":true}]}}

Château Haut-Bailly 2022

<table>
<tbody>
<tr>
<td>Fruité</td>
<td><div class="progress_icons  transparent" data-active="4" data-color=""><span class="progress_icon" style=""><i class="fas fa-circle"></i></span><span class="progress_icon" style=""><i class="fas fa-circle"></i></span><span class="progress_icon" style=""><i class="fas fa-circle"></i></span><span class="progress_icon" style=""><i class="fas fa-circle"></i></span><span class="progress_icon" style=""><i class="fas fa-circle"></i></span></div>
</td>
<td>Épicé/Boisé</td>
<td><div class="progress_icons  transparent" data-active="4" data-color=""><span class="progress_icon" style=""><i class="fas fa-circle"></i></span><span class="progress_icon" style=""><i class="fas fa-circle"></i></span><span class="progress_icon" style=""><i class="fas fa-circle"></i></span><span class="progress_icon" style=""><i class="fas fa-circle"></i></span><span class="progress_icon" style=""><i class="fas fa-circle"></i></span></div>
</td>
</tr>
<tr>
<td>Floral</td>
<td><div class="progress_icons  transparent" data-active="4" data-color=""><span class="progress_icon" style=""><i class="fas fa-circle"></i></span><span class="progress_icon" style=""><i class="fas fa-circle"></i></span><span class="progress_icon" style=""><i class="fas fa-circle"></i></span><span class="progress_icon" style=""><i class="fas fa-circle"></i></span><span class="progress_icon" style=""><i class="fas fa-circle"></i></span></div>
</td>
<td>Minéral</td>
<td><div class="progress_icons  transparent" data-active="4" data-color=""><span class="progress_icon" style=""><i class="fas fa-circle"></i></span><span class="progress_icon" style=""><i class="fas fa-circle"></i></span><span class="progress_icon" style=""><i class="fas fa-circle"></i></span><span class="progress_icon" style=""><i class="fas fa-circle"></i></span><span class="progress_icon" style=""><i class="fas fa-circle"></i></span></div>
</td>
</tr>
</tbody>
</table>

<p>Le Château Haut-Bailly 2022 est qualifié de « monument de finesse » par les critiques. Dans ce millésime solaire et extrême, le cru de Pessac-Léognan atteint des sommets d&rsquo;élégance et de précision. Le nez est d&rsquo;une pureté éclatante, mêlant les fruits noirs, le graphite et des notes florales complexes. En bouche, la matière est dense mais aérienne, structurée par des tanins d&rsquo;une noblesse rare, « dessinés à la plume ». C&rsquo;est un vin « prophétique », alliant la puissance de l&rsquo;année à la grâce intemporelle du domaine.</p>
